{"id":37,"date":"2017-03-23T20:37:30","date_gmt":"2017-03-23T19:37:30","guid":{"rendered":"http:\/\/2017.copenhagen.wordcamp.org\/?page_id=37"},"modified":"2017-05-12T16:11:39","modified_gmt":"2017-05-12T15:11:39","slug":"program","status":"publish","type":"page","link":"https:\/\/copenhagen.wordcamp.org\/2017\/program\/","title":{"rendered":"Program"},"content":{"rendered":"<p>S\u00e5 er en stor del af opl\u00e6gsholderne p\u00e5 plads. Tidspunkterne er forel\u00f8bige og vil med stor sandsynlighed blive \u00e6ndret.<\/p>\n<hr \/>\n<p>English Version<\/p>\n<p>Times are preliminary and subject to change. English presentations are marked with &#8220;EN&#8221;.<\/p>\n<h2>L\u00f8rdag\/Saturday 27.05.2017<\/h2>\n<table class=\"wcpt-schedule\" border=\"0\"><thead><tr><th class=\"wcpt-col-time\">Time<\/th><th class=\"wcpt-col-track\"> <span class=\"wcpt-track-name\"><\/span> <span class=\"wcpt-track-description\"><\/span> <\/th><\/tr><\/thead><tbody><tr class=\"wcpt-time-0900 global-session morgenmad-og-netvrkssession-breakfast-and-networking\"><td class=\"wcpt-time\">09:00<\/td><td colspan=\"1\" class=\"wcpt-session-type-custom wcb-session-netvaerkssession\" data-track-title=\"\" data-session-id=\"234\"><div class=\"wcb-session-cell-content\"><span class=\"wcpt-session-title\">Morgenmad og netv\u00e6rkssession | Breakfast and networking<\/span><\/div><\/td><\/tr><tr class=\"wcpt-time-0930 global-session how-to-build-a-social-network-in-wordpress-from-scratch-with-buddypress-en\"><td class=\"wcpt-time\">09:30<\/td><td colspan=\"1\" class=\"wcb-speaker-rocio wcpt-session-type-session wcb-session-spanish-web-developer-and-open-source-advocate-specialized-in-buddypress-a-tool-for-developing-social-networks\" data-track-title=\"\" data-session-id=\"280\"><div class=\"wcb-session-cell-content\"><a class=\"wcpt-session-title\" href=\"https:\/\/copenhagen.wordcamp.org\/2017\/session\/spanish-web-developer-and-open-source-advocate-specialized-in-buddypress-a-tool-for-developing-social-networks\/\">How to build a social network in WordPress from scratch with BuddyPress | EN<\/a> <span class=\"wcpt-session-speakers\"><a href=\"https:\/\/copenhagen.wordcamp.org\/2017\/oplaegsholdere\/#wcorg-speaker-rocio\">Roc\u00edo<\/a><\/span><\/div><div class=\"wcb-session-favourite-icon\"><a href=\"#\" role=\"button\" class=\"fav-session-button\" aria-pressed=\"false\"><span class=\"screen-reader-text\">Favorite session: How to build a social network in WordPress from scratch with BuddyPress | EN<\/span><span class=\"dashicons dashicons-star-filled\"><\/span><\/a><\/div><\/td><\/tr><tr class=\"wcpt-time-1015 global-session briefly-in-english--the-user-experience-perspective-of-multilingual-and-multi-regional-websites-en\"><td class=\"wcpt-time\">10:15<\/td><td colspan=\"1\" class=\"wcb-speaker-thomas-hurd wcpt-session-type-session wcb-session-briefly-in-english-the-user-experience-perspective-of-multilingual-and-multi-regional-websites\" data-track-title=\"\" data-session-id=\"272\"><div class=\"wcb-session-cell-content\"><a class=\"wcpt-session-title\" href=\"https:\/\/copenhagen.wordcamp.org\/2017\/session\/briefly-in-english-the-user-experience-perspective-of-multilingual-and-multi-regional-websites\/\">&#8220;Briefly in English&#8221; \u2013 The user experience perspective of multilingual and multi-regional websites | EN<\/a> <span class=\"wcpt-session-speakers\"><a href=\"https:\/\/copenhagen.wordcamp.org\/2017\/oplaegsholdere\/#wcorg-speaker-thomas-hurd\">Thomas Hurd<\/a><\/span><\/div><div class=\"wcb-session-favourite-icon\"><a href=\"#\" role=\"button\" class=\"fav-session-button\" aria-pressed=\"false\"><span class=\"screen-reader-text\">Favorite session: &#8220;Briefly in English&#8221; \u2013 The user experience perspective of multilingual and multi-regional websites | EN<\/span><span class=\"dashicons dashicons-star-filled\"><\/span><\/a><\/div><\/td><\/tr><tr class=\"wcpt-time-1100 global-session kaffepause-coffeebreak\"><td class=\"wcpt-time\">11:00<\/td><td colspan=\"1\" class=\"wcpt-session-type-custom wcb-session-kaffe\" data-track-title=\"\" data-session-id=\"666\"><div class=\"wcb-session-cell-content\"><span class=\"wcpt-session-title\">Kaffepause | Coffeebreak<\/span><\/div><\/td><\/tr><tr class=\"wcpt-time-1115 global-session crash-course-i-temaudvikling-til-wordpress\"><td class=\"wcpt-time\">11:15<\/td><td colspan=\"1\" class=\"wcb-speaker-emil-wibe wcpt-session-type-session wcb-session-crash-course-i-temaudvikling-til-wordpress\" data-track-title=\"\" data-session-id=\"137\"><div class=\"wcb-session-cell-content\"><a class=\"wcpt-session-title\" href=\"https:\/\/copenhagen.wordcamp.org\/2017\/session\/crash-course-i-temaudvikling-til-wordpress\/\">Crash course i temaudvikling til WordPress<\/a> <span class=\"wcpt-session-speakers\"><a href=\"https:\/\/copenhagen.wordcamp.org\/2017\/oplaegsholdere\/#wcorg-speaker-emil-wibe\">Emil Wibe<\/a><\/span><\/div><div class=\"wcb-session-favourite-icon\"><a href=\"#\" role=\"button\" class=\"fav-session-button\" aria-pressed=\"false\"><span class=\"screen-reader-text\">Favorite session: Crash course i temaudvikling til WordPress<\/span><span class=\"dashicons dashicons-star-filled\"><\/span><\/a><\/div><\/td><\/tr><tr class=\"wcpt-time-1230 global-session frokost-lunch\"><td class=\"wcpt-time\">12:30<\/td><td colspan=\"1\" class=\"wcpt-session-type-custom wcb-session-frokostlunch\" data-track-title=\"\" data-session-id=\"252\"><div class=\"wcb-session-cell-content\"><span class=\"wcpt-session-title\">Frokost | Lunch<\/span><\/div><\/td><\/tr><tr class=\"wcpt-time-1300 global-session bag-kulisserne-hos-automattic\"><td class=\"wcpt-time\">13:00<\/td><td colspan=\"1\" class=\"wcb-speaker-joen-olsen wcpt-session-type-session wcb-session-bag-kulisserne-hos-automattic\" data-track-title=\"\" data-session-id=\"529\"><div class=\"wcb-session-cell-content\"><a class=\"wcpt-session-title\" href=\"https:\/\/copenhagen.wordcamp.org\/2017\/session\/bag-kulisserne-hos-automattic\/\">Bag kulisserne hos Automattic<\/a> <span class=\"wcpt-session-speakers\"><a href=\"https:\/\/copenhagen.wordcamp.org\/2017\/oplaegsholdere\/#wcorg-speaker-joen-olsen\">Joen Olsen<\/a><\/span><\/div><div class=\"wcb-session-favourite-icon\"><a href=\"#\" role=\"button\" class=\"fav-session-button\" aria-pressed=\"false\"><span class=\"screen-reader-text\">Favorite session: Bag kulisserne hos Automattic<\/span><span class=\"dashicons dashicons-star-filled\"><\/span><\/a><\/div><\/td><\/tr><tr class=\"wcpt-time-1345 global-session advanced-techniques-for-testing-and-updating-wordpress-core-and-plugins-to-avoid-regressions-en\"><td class=\"wcpt-time\">13:45<\/td><td colspan=\"1\" class=\"wcb-speaker-otto-kekalainen wcpt-session-type-session wcb-session-advanced-techniques-for-testing-and-updating-wordpress-core-and-plugins-to-avoid-regressions\" data-track-title=\"\" data-session-id=\"248\"><div class=\"wcb-session-cell-content\"><a class=\"wcpt-session-title\" href=\"https:\/\/copenhagen.wordcamp.org\/2017\/session\/advanced-techniques-for-testing-and-updating-wordpress-core-and-plugins-to-avoid-regressions\/\">Advanced techniques for testing and updating WordPress core and plugins to avoid regressions | EN<\/a> <span class=\"wcpt-session-speakers\"><a href=\"https:\/\/copenhagen.wordcamp.org\/2017\/oplaegsholdere\/#wcorg-speaker-otto-kekalainen\">Otto Kek\u00e4l\u00e4inen<\/a><\/span><\/div><div class=\"wcb-session-favourite-icon\"><a href=\"#\" role=\"button\" class=\"fav-session-button\" aria-pressed=\"false\"><span class=\"screen-reader-text\">Favorite session: Advanced techniques for testing and updating WordPress core and plugins to avoid regressions | EN<\/span><span class=\"dashicons dashicons-star-filled\"><\/span><\/a><\/div><\/td><\/tr><tr class=\"wcpt-time-1430 global-session kaffepause-coffeebreak\"><td class=\"wcpt-time\">14:30<\/td><td colspan=\"1\" class=\"wcpt-session-type-custom wcb-session-kaffe-2\" data-track-title=\"\" data-session-id=\"668\"><div class=\"wcb-session-cell-content\"><span class=\"wcpt-session-title\">Kaffepause | Coffeebreak<\/span><\/div><\/td><\/tr><tr class=\"wcpt-time-1445 global-session derfor-er-netvrket-s-vigtigt-som-ny-ivrkstter\"><td class=\"wcpt-time\">14:45<\/td><td colspan=\"1\" class=\"wcb-speaker-ragini-louise-kastberg wcpt-session-type-session wcb-session-derfor-er-netvaerket-sa-vigtigt-som-ny-ivaerksaetter\" data-track-title=\"\" data-session-id=\"134\"><div class=\"wcb-session-cell-content\"><a class=\"wcpt-session-title\" href=\"https:\/\/copenhagen.wordcamp.org\/2017\/session\/derfor-er-netvaerket-sa-vigtigt-som-ny-ivaerksaetter\/\">Derfor er netv\u00e6rket s\u00e5 vigtigt som ny iv\u00e6rks\u00e6tter<\/a> <span class=\"wcpt-session-speakers\"><a href=\"https:\/\/copenhagen.wordcamp.org\/2017\/oplaegsholdere\/#wcorg-speaker-ragini-louise-kastberg\">Ragini Louise Kastberg<\/a><\/span><\/div><div class=\"wcb-session-favourite-icon\"><a href=\"#\" role=\"button\" class=\"fav-session-button\" aria-pressed=\"false\"><span class=\"screen-reader-text\">Favorite session: Derfor er netv\u00e6rket s\u00e5 vigtigt som ny iv\u00e6rks\u00e6tter<\/span><span class=\"dashicons dashicons-star-filled\"><\/span><\/a><\/div><\/td><\/tr><tr class=\"wcpt-time-1530 global-session wordpress-development-with-docker-en\"><td class=\"wcpt-time\">15:30<\/td><td colspan=\"1\" class=\"wcb-speaker-peter-suhm wcpt-session-type-session wcb-session-wordpress-development-with-docker\" data-track-title=\"\" data-session-id=\"276\"><div class=\"wcb-session-cell-content\"><a class=\"wcpt-session-title\" href=\"https:\/\/copenhagen.wordcamp.org\/2017\/session\/wordpress-development-with-docker\/\">WordPress development with Docker | EN<\/a> <span class=\"wcpt-session-speakers\"><a href=\"https:\/\/copenhagen.wordcamp.org\/2017\/oplaegsholdere\/#wcorg-speaker-peter-suhm\">Peter Suhm<\/a><\/span><\/div><div class=\"wcb-session-favourite-icon\"><a href=\"#\" role=\"button\" class=\"fav-session-button\" aria-pressed=\"false\"><span class=\"screen-reader-text\">Favorite session: WordPress development with Docker | EN<\/span><span class=\"dashicons dashicons-star-filled\"><\/span><\/a><\/div><\/td><\/tr><tr class=\"wcpt-time-1615 global-session i-gang-med-dialog-vrktjerne\"><td class=\"wcpt-time\">16:15<\/td><td colspan=\"1\" class=\"wcb-speaker-carsten-legaard wcpt-session-type-session wcb-session-i-gang-med-dialog-vaerktojerne\" data-track-title=\"\" data-session-id=\"239\"><div class=\"wcb-session-cell-content\"><a class=\"wcpt-session-title\" href=\"https:\/\/copenhagen.wordcamp.org\/2017\/session\/i-gang-med-dialog-vaerktojerne\/\">I gang med dialog-v\u00e6rkt\u00f8jerne<\/a> <span class=\"wcpt-session-speakers\"><a href=\"https:\/\/copenhagen.wordcamp.org\/2017\/oplaegsholdere\/#wcorg-speaker-carsten-legaard\">Carsten Legaard<\/a><\/span><\/div><div class=\"wcb-session-favourite-icon\"><a href=\"#\" role=\"button\" class=\"fav-session-button\" aria-pressed=\"false\"><span class=\"screen-reader-text\">Favorite session: I gang med dialog-v\u00e6rkt\u00f8jerne<\/span><span class=\"dashicons dashicons-star-filled\"><\/span><\/a><\/div><\/td><\/tr><tr class=\"wcpt-time-1700 global-session will-the-new-general-data-protection-regulation-affect-me-and-if-so-how-should-i-respond-en\"><td class=\"wcpt-time\">17:00<\/td><td colspan=\"1\" class=\"wcb-speaker-nicolai-elberling wcpt-session-type-session wcb-session-will-the-new-general-data-protection-regulation-affect-me-and-if-so-how-should-i-respond\" data-track-title=\"\" data-session-id=\"256\"><div class=\"wcb-session-cell-content\"><a class=\"wcpt-session-title\" href=\"https:\/\/copenhagen.wordcamp.org\/2017\/session\/will-the-new-general-data-protection-regulation-affect-me-and-if-so-how-should-i-respond\/\">Will the new General Data Protection Regulation affect me and if so, how should I respond? | EN<\/a> <span class=\"wcpt-session-speakers\"><a href=\"https:\/\/copenhagen.wordcamp.org\/2017\/oplaegsholdere\/#wcorg-speaker-nicolai-elberling\">Nicolai Elberling<\/a><\/span><\/div><div class=\"wcb-session-favourite-icon\"><a href=\"#\" role=\"button\" class=\"fav-session-button\" aria-pressed=\"false\"><span class=\"screen-reader-text\">Favorite session: Will the new General Data Protection Regulation affect me and if so, how should I respond? | EN<\/span><span class=\"dashicons dashicons-star-filled\"><\/span><\/a><\/div><\/td><\/tr><tr class=\"wcpt-time-1745 global-session tak-for-i-dag-closing-remarks\"><td class=\"wcpt-time\">17:45<\/td><td colspan=\"1\" class=\"wcpt-session-type-custom wcb-session-tak-for-i-dag-closing-remarks\" data-track-title=\"\" data-session-id=\"671\"><div class=\"wcb-session-cell-content\"><span class=\"wcpt-session-title\">Tak for i dag | Closing remarks<\/span><\/div><\/td><\/tr><tr class=\"wcpt-time-1800 global-session afterparty-p-caf-langebro\"><td class=\"wcpt-time\">18:00<\/td><td colspan=\"1\" class=\"wcpt-session-type-session wcb-session-afterparty-pa-cafe-langebro\" data-track-title=\"\" data-session-id=\"586\"><div class=\"wcb-session-cell-content\"><a class=\"wcpt-session-title\" href=\"https:\/\/copenhagen.wordcamp.org\/2017\/session\/afterparty-pa-cafe-langebro\/\">Afterparty p\u00e5 Caf\u00e9 Langebro<\/a><\/div><div class=\"wcb-session-favourite-icon\"><a href=\"#\" role=\"button\" class=\"fav-session-button\" aria-pressed=\"false\"><span class=\"screen-reader-text\">Favorite session: Afterparty p\u00e5 Caf\u00e9 Langebro<\/span><span class=\"dashicons dashicons-star-filled\"><\/span><\/a><\/div><\/td><\/tr><\/tbody><\/table>\n\t<div class=\"email-form fav-session-email-form-hide\">\n\t\t<!-- Tab links -->\n\t\t<div class=\"fav-session-share-tab\">\n\t\t\t\t\t\t\t<div class=\"fav-session-tablinks\" id=\"fav-session-btn-email\">\n\t\t\t\t\tEmail\t\t\t\t<\/div>\n\t\t\t\n\t\t\t<div class=\"fav-session-tablinks\" id=\"fav-session-btn-link\">\n\t\t\t\tLink\t\t\t<\/div>\n\n\t\t\t<div class=\"fav-session-tablinks\" id=\"fav-session-btn-print\">\n\t\t\t\tPrint\t\t\t<\/div>\n\t\t<\/div>\n\n\t\t<!-- Tab content -->\n\t\t\t\t\t<div id=\"fav-session-tab-email\" class=\"fav-session-share-tabcontent\">\n\t\t\t\t<div id=\"fav-session-email-form\">\n\t\t\t\t\tSend me my favorite sessions:\n\t\t\t\t\t<form id=\"fav-sessions-form\">\n\t\t\t\t\t\t<input\n\t\t\t\t\t\t\ttype=\"text\"\n\t\t\t\t\t\t\tname=\"email_address\"\n\t\t\t\t\t\t\tid=\"fav-sessions-email-address\"\n\t\t\t\t\t\t\tplaceholder=\"me@protonmail.com\"\n\t\t\t\t\t\t\/>\n\t\t\t\t\t\t<input type=\"submit\" value=\"Send\" \/>\n\t\t\t\t\t<\/form>\n\t\t\t\t<\/div>\n\n\t\t\t\t<div class=\"fav-session-email-wait-spinner\"><\/div>\n\t\t\t\t<div class=\"fav-session-email-result\"><\/div>\n\t\t\t<\/div>\n\t\t\n\t\t<div id=\"fav-session-tab-link\" class=\"fav-session-share-tabcontent\">\n\t\t\tShareable link:\t\t\t<br \/>\n\t\t\t<a id=\"fav-sessions-link\" href=\"\"><\/a>\n\t\t<\/div>\n\n\t\t<div id=\"fav-session-tab-print\" class=\"fav-session-share-tabcontent\">\n\t\t\t<button id=\"fav-session-print\">\n\t\t\t\tPrint favorite sessions\t\t\t<\/button>\n\t\t<\/div>\n\t<\/div>\n\n\t<a class=\"show-email-form\" href=\"javascript:\">\n\t\t<span class=\"dashicons dashicons-star-filled\"><\/span>\n\t\t<span class=\"dashicons dashicons-email-alt\"><\/span>\n\t<\/a>\n\n\t\n<h2>S\u00f8ndag\/Sunday 28.05.2017<\/h2>\n<table class=\"wcpt-schedule\" border=\"0\"><thead><tr><th class=\"wcpt-col-time\">Time<\/th><th class=\"wcpt-col-track\"> <span class=\"wcpt-track-name\"><\/span> <span class=\"wcpt-track-description\"><\/span> <\/th><\/tr><\/thead><tbody><tr class=\"wcpt-time-0900 global-session morgenmad-og-netvrk-breakfast-and-networking\"><td class=\"wcpt-time\">09:00<\/td><td colspan=\"1\" class=\"wcpt-session-type-custom wcb-session-morgenmad-og-netvaerk\" data-track-title=\"\" data-session-id=\"298\"><div class=\"wcb-session-cell-content\"><span class=\"wcpt-session-title\">Morgenmad og netv\u00e6rk | Breakfast and networking<\/span><\/div><\/td><\/tr><tr class=\"wcpt-time-1000 global-session min-hverdag-som-nmands-wp-hr\"><td class=\"wcpt-time\">10:00<\/td><td colspan=\"1\" class=\"wcb-speaker-torben-heikel-vinther wcpt-session-type-session wcb-session-min-hverdag-som-enmands-wp-haer\" data-track-title=\"\" data-session-id=\"556\"><div class=\"wcb-session-cell-content\"><a class=\"wcpt-session-title\" href=\"https:\/\/copenhagen.wordcamp.org\/2017\/session\/min-hverdag-som-enmands-wp-haer\/\">Min hverdag som \u00e9nmands-WP-h\u00e6r<\/a> <span class=\"wcpt-session-speakers\"><a href=\"https:\/\/copenhagen.wordcamp.org\/2017\/oplaegsholdere\/#wcorg-speaker-torben-heikel-vinther\">Torben Heikel Vinther<\/a><\/span><\/div><div class=\"wcb-session-favourite-icon\"><a href=\"#\" role=\"button\" class=\"fav-session-button\" aria-pressed=\"false\"><span class=\"screen-reader-text\">Favorite session: Min hverdag som \u00e9nmands-WP-h\u00e6r<\/span><span class=\"dashicons dashicons-star-filled\"><\/span><\/a><\/div><\/td><\/tr><tr class=\"wcpt-time-1100 global-session workshop-polyglots\"><td class=\"wcpt-time\">11:00<\/td><td colspan=\"1\" class=\"wcb-speaker-mark-thomas-gazel wcpt-session-type-session wcb-session-workshop-polyglots\" data-track-title=\"\" data-session-id=\"561\"><div class=\"wcb-session-cell-content\"><a class=\"wcpt-session-title\" href=\"https:\/\/copenhagen.wordcamp.org\/2017\/session\/workshop-polyglots\/\">Workshop &#8211; Polyglots<\/a> <span class=\"wcpt-session-speakers\"><a href=\"https:\/\/copenhagen.wordcamp.org\/2017\/oplaegsholdere\/#wcorg-speaker-mark-thomas-gazel\">Mark Thomas Gazel<\/a><\/span><\/div><div class=\"wcb-session-favourite-icon\"><a href=\"#\" role=\"button\" class=\"fav-session-button\" aria-pressed=\"false\"><span class=\"screen-reader-text\">Favorite session: Workshop &#8211; Polyglots<\/span><span class=\"dashicons dashicons-star-filled\"><\/span><\/a><\/div><\/td><\/tr><tr class=\"wcpt-time-1200 global-session frokost-lunch\"><td class=\"wcpt-time\">12:00<\/td><td colspan=\"1\" class=\"wcpt-session-type-custom wcb-session-frokostlunch-2\" data-track-title=\"\" data-session-id=\"314\"><div class=\"wcb-session-cell-content\"><span class=\"wcpt-session-title\">Frokost | Lunch<\/span><\/div><\/td><\/tr><tr class=\"wcpt-time-1300 global-session contributing-to-wordpress\"><td class=\"wcpt-time\">13:00<\/td><td colspan=\"1\" class=\"wcb-speaker-jenny-wong wcpt-session-type-session wcb-session-contributing-to-wordpress\" data-track-title=\"\" data-session-id=\"575\"><div class=\"wcb-session-cell-content\"><a class=\"wcpt-session-title\" href=\"https:\/\/copenhagen.wordcamp.org\/2017\/session\/contributing-to-wordpress\/\">Contributing to WordPress<\/a> <span class=\"wcpt-session-speakers\"><a href=\"https:\/\/copenhagen.wordcamp.org\/2017\/oplaegsholdere\/#wcorg-speaker-jenny-wong\">Jenny Wong<\/a><\/span><\/div><div class=\"wcb-session-favourite-icon\"><a href=\"#\" role=\"button\" class=\"fav-session-button\" aria-pressed=\"false\"><span class=\"screen-reader-text\">Favorite session: Contributing to WordPress<\/span><span class=\"dashicons dashicons-star-filled\"><\/span><\/a><\/div><\/td><\/tr><tr class=\"wcpt-time-1400 global-session workshop-wp-cli\"><td class=\"wcpt-time\">14:00<\/td><td colspan=\"1\" class=\"wcb-speaker-patrick-hesselberg wcpt-session-type-session wcb-session-wp-cli-workshop\" data-track-title=\"\" data-session-id=\"721\"><div class=\"wcb-session-cell-content\"><a class=\"wcpt-session-title\" href=\"https:\/\/copenhagen.wordcamp.org\/2017\/session\/wp-cli-workshop\/\">Workshop &#8211; WP CLI<\/a> <span class=\"wcpt-session-speakers\"><a href=\"https:\/\/copenhagen.wordcamp.org\/2017\/oplaegsholdere\/#wcorg-speaker-patrick-hesselberg\">Patrick Hesselberg<\/a><\/span><\/div><div class=\"wcb-session-favourite-icon\"><a href=\"#\" role=\"button\" class=\"fav-session-button\" aria-pressed=\"false\"><span class=\"screen-reader-text\">Favorite session: Workshop &#8211; WP CLI<\/span><span class=\"dashicons dashicons-star-filled\"><\/span><\/a><\/div><\/td><\/tr><tr class=\"wcpt-time-1500 global-session foreningen-wordpress-dk\"><td class=\"wcpt-time\">15:00<\/td><td colspan=\"1\" class=\"wcb-speaker-mark-thomas-gazel wcb-speaker-patrick-hesselberg wcpt-session-type-custom wcb-session-generalforsamling-i-foreningen-wordpress-dk\" data-track-title=\"\" data-session-id=\"300\"><div class=\"wcb-session-cell-content\"><span class=\"wcpt-session-title\">Foreningen WordPress DK<\/span> <span class=\"wcpt-session-speakers\"><a href=\"https:\/\/copenhagen.wordcamp.org\/2017\/oplaegsholdere\/#wcorg-speaker-mark-thomas-gazel\">Mark Thomas Gazel<\/a>, <a href=\"https:\/\/copenhagen.wordcamp.org\/2017\/oplaegsholdere\/#wcorg-speaker-patrick-hesselberg\">Patrick Hesselberg<\/a><\/span><\/div><\/td><\/tr><\/tbody><\/table>\n<p>Der tages forbehold for \u00e6ndringer i programmet.<\/p>\n<p>Program is subject to change.<\/p>\n","protected":false},"excerpt":{"rendered":"<p>S\u00e5 er en stor del af opl\u00e6gsholderne p\u00e5 plads. Tidspunkterne er forel\u00f8bige og vil med stor sandsynlighed blive \u00e6ndret. English Version Times are preliminary and subject to change. English presentations are marked with &#8220;EN&#8221;. L\u00f8rdag\/Saturday 27.05.2017 S\u00f8ndag\/Sunday 28.05.2017 Der tages forbehold for \u00e6ndringer i programmet. Program is subject to change.<\/p>\n","protected":false},"author":7616789,"featured_media":0,"parent":0,"menu_order":0,"comment_status":"closed","ping_status":"closed","template":"","meta":{"jetpack_post_was_ever_published":false,"footnotes":""},"class_list":["post-37","page","type-page","status-publish","hentry"],"jetpack_sharing_enabled":true,"jetpack_shortlink":"https:\/\/wp.me\/P7PoA5-B","_links":{"self":[{"href":"https:\/\/copenhagen.wordcamp.org\/2017\/wp-json\/wp\/v2\/pages\/37","targetHints":{"allow":["GET"]}}],"collection":[{"href":"https:\/\/copenhagen.wordcamp.org\/2017\/wp-json\/wp\/v2\/pages"}],"about":[{"href":"https:\/\/copenhagen.wordcamp.org\/2017\/wp-json\/wp\/v2\/types\/page"}],"author":[{"embeddable":true,"href":"https:\/\/copenhagen.wordcamp.org\/2017\/wp-json\/wp\/v2\/users\/7616789"}],"replies":[{"embeddable":true,"href":"https:\/\/copenhagen.wordcamp.org\/2017\/wp-json\/wp\/v2\/comments?post=37"}],"version-history":[{"count":5,"href":"https:\/\/copenhagen.wordcamp.org\/2017\/wp-json\/wp\/v2\/pages\/37\/revisions"}],"predecessor-version":[{"id":507,"href":"https:\/\/copenhagen.wordcamp.org\/2017\/wp-json\/wp\/v2\/pages\/37\/revisions\/507"}],"wp:attachment":[{"href":"https:\/\/copenhagen.wordcamp.org\/2017\/wp-json\/wp\/v2\/media?parent=37"}],"curies":[{"name":"wp","href":"https:\/\/api.w.org\/{rel}","templated":true}]}}